{"id":528,"date":"2019-12-02T10:07:40","date_gmt":"2019-12-02T10:07:40","guid":{"rendered":"https:\/\/www.librairie-du-lac.ch\/?page_id=528"},"modified":"2024-07-17T20:45:03","modified_gmt":"2024-07-17T20:45:03","slug":"localisation-2","status":"publish","type":"page","link":"https:\/\/www.librairie-du-lac.ch\/?page_id=528","title":{"rendered":"Contact"},"content":{"rendered":"\n<p class=\"contenu\">La Librairie du Lac est une librairie en chambre, sans magasin.<\/p>\n\n\n\n<p class=\"contenu\">Pour toute information :<\/p>\n\n\n\n<p class=\"contenu\"><a href=\"mailto:info@librairie-du-lac.ch\">info@librairie-du-lac.ch<\/a> <br>+41 (0) 21 552 23 30 <\/p>\n\n\n\n<p class=\"contenu-gras\">Pour toute question relative aux ventes de la rentr\u00e9e 2024, il sera r\u00e9pondu aux appels t\u00e9l\u00e9phoniques dans les horaires d&rsquo;ouverture, \u00e0 savoir:<\/p>\n\n\n\n<p>Mercredi 14 ao\u00fbt : 9h \u2013 18h<br>Jeudi 15 ao\u00fbt : 9h \u2013 18h<br>Vendredi 16 ao\u00fbt : 9h \u2013 18h<\/p>\n\n\n\n<p class=\"contenu\">Du lundi 19 ao\u00fbt au vendredi 6 septembre: 14h30-18h00<\/p>\n\n\n\n<p class=\"contenu-gras\">Adresse pour correspondance:<\/p>\n\n\n\n<p class=\"contenu\">Librairie du Lac<br>Case postale 1039<br>CH-1001 Lausanne<\/p>\n","protected":false},"excerpt":{"rendered":"<p>La Librairie du Lac est une librairie en chambre, sans magasin. Pour toute information : info@librairie-du-lac.ch +41 (0) 21 552 23 30 Pour toute question relative aux ventes de la rentr\u00e9e 2024, il sera r\u00e9pondu aux appels t\u00e9l\u00e9phoniques dans les horaires d&rsquo;ouverture, \u00e0 savoir: Mercredi 14 ao\u00fbt : 9h \u2013 18hJeudi 15 ao\u00fbt : 9h [&hellip;]<\/p>\n","protected":false},"author":5,"featured_media":0,"parent":0,"menu_order":0,"comment_status":"closed","ping_status":"closed","template":"","meta":{"footnotes":""},"class_list":["post-528","page","type-page","status-publish","hentry"],"jetpack_sharing_enabled":true,"_links":{"self":[{"href":"https:\/\/www.librairie-du-lac.ch\/index.php?rest_route=\/wp\/v2\/pages\/528","targetHints":{"allow":["GET"]}}],"collection":[{"href":"https:\/\/www.librairie-du-lac.ch\/index.php?rest_route=\/wp\/v2\/pages"}],"about":[{"href":"https:\/\/www.librairie-du-lac.ch\/index.php?rest_route=\/wp\/v2\/types\/page"}],"author":[{"embeddable":true,"href":"https:\/\/www.librairie-du-lac.ch\/index.php?rest_route=\/wp\/v2\/users\/5"}],"replies":[{"embeddable":true,"href":"https:\/\/www.librairie-du-lac.ch\/index.php?rest_route=%2Fwp%2Fv2%2Fcomments&post=528"}],"version-history":[{"count":40,"href":"https:\/\/www.librairie-du-lac.ch\/index.php?rest_route=\/wp\/v2\/pages\/528\/revisions"}],"predecessor-version":[{"id":1425,"href":"https:\/\/www.librairie-du-lac.ch\/index.php?rest_route=\/wp\/v2\/pages\/528\/revisions\/1425"}],"wp:attachment":[{"href":"https:\/\/www.librairie-du-lac.ch\/index.php?rest_route=%2Fwp%2Fv2%2Fmedia&parent=528"}],"curies":[{"name":"wp","href":"https:\/\/api.w.org\/{rel}","templated":true}]}}

<p class="contenu">La Librairie du Lac est une librairie en chambre, sans magasin.</p>



<p class="contenu">Pour toute information :</p>



<p class="contenu"><a href="mailto:info@librairie-du-lac.ch">info@librairie-du-lac.ch</a> <br>+41 (0) 21 552 23 30 </p>



<p class="contenu-gras">Pour toute question relative aux ventes de la rentrée 2024, il sera répondu aux appels téléphoniques dans les horaires d&rsquo;ouverture, à savoir:</p>



<p>Mercredi 14 août : 9h – 18h<br>Jeudi 15 août : 9h – 18h<br>Vendredi 16 août : 9h – 18h</p>



<p class="contenu">Du lundi 19 août au vendredi 6 septembre: 14h30-18h00</p>



<p class="contenu-gras">Adresse pour correspondance:</p>



<p class="contenu">Librairie du Lac<br>Case postale 1039<br>CH-1001 Lausanne</p>

<p>La Librairie du Lac est une librairie en chambre, sans magasin. Pour toute information : info@librairie-du-lac.ch +41 (0) 21 552 23 30 Pour toute question relative aux ventes de la rentrée 2024, il sera répondu aux appels téléphoniques dans les horaires d&rsquo;ouverture, à savoir: Mercredi 14 août : 9h – 18hJeudi 15 août : 9h [&hellip;]</p>
