{"id":688,"date":"2020-01-14T10:54:53","date_gmt":"2020-01-14T10:54:53","guid":{"rendered":"https:\/\/www.librairie-du-lac.ch\/?page_id=688"},"modified":"2020-05-18T10:19:12","modified_gmt":"2020-05-18T10:19:12","slug":"formulaire-de-commande","status":"publish","type":"page","link":"https:\/\/www.librairie-du-lac.ch\/?page_id=688","title":{"rendered":"Formulaire de commande"},"content":{"rendered":"\n\n<div class=\"wpcf7 no-js\" id=\"wpcf7-f687-o1\" lang=\"fr-FR\" dir=\"ltr\" data-wpcf7-id=\"687\">\n<div class=\"screen-reader-response\"><p role=\"status\" aria-live=\"polite\" aria-atomic=\"true\"><\/p> <ul><\/ul><\/div>\n<form action=\"\/index.php?rest_route=%2Fwp%2Fv2%2Fpages%2F688#wpcf7-f687-o1\" method=\"post\" class=\"wpcf7-form init\" aria-label=\"Formulaire de contact\" novalidate=\"novalidate\" data-status=\"init\">\n<fieldset class=\"hidden-fields-container\"><input type=\"hidden\" name=\"_wpcf7\" value=\"687\" \/><input type=\"hidden\" name=\"_wpcf7_version\" value=\"6.1\" \/><input type=\"hidden\" name=\"_wpcf7_locale\" value=\"fr_FR\" \/><input type=\"hidden\" name=\"_wpcf7_unit_tag\" value=\"wpcf7-f687-o1\" \/><input type=\"hidden\" name=\"_wpcf7_container_post\" value=\"0\" \/><input type=\"hidden\" name=\"_wpcf7_posted_data_hash\" value=\"\" \/><input type=\"hidden\" name=\"_wpcf7cf_hidden_group_fields\" value=\"[]\" \/><input type=\"hidden\" name=\"_wpcf7cf_hidden_groups\" value=\"[]\" \/><input type=\"hidden\" name=\"_wpcf7cf_visible_groups\" value=\"[]\" \/><input type=\"hidden\" name=\"_wpcf7cf_repeaters\" value=\"[]\" \/><input type=\"hidden\" name=\"_wpcf7cf_steps\" value=\"{}\" \/><input type=\"hidden\" name=\"_wpcf7cf_options\" value=\"{&quot;form_id&quot;:687,&quot;conditions&quot;:[{&quot;then_field&quot;:&quot;group-instit&quot;,&quot;and_rules&quot;:[{&quot;if_field&quot;:&quot;radio-867&quot;,&quot;operator&quot;:&quot;equals&quot;,&quot;if_value&quot;:&quot;Commande pour un \\u00e9tablissement&quot;}]},{&quot;then_field&quot;:&quot;group-livraison&quot;,&quot;and_rules&quot;:[{&quot;if_field&quot;:&quot;radio-495&quot;,&quot;operator&quot;:&quot;equals&quot;,&quot;if_value&quot;:&quot;Je souhaite convenir d&#039;un autre mode de livraison&quot;}]}],&quot;settings&quot;:{&quot;animation&quot;:&quot;yes&quot;,&quot;animation_intime&quot;:200,&quot;animation_outtime&quot;:200,&quot;conditions_ui&quot;:&quot;normal&quot;,&quot;notice_dismissed&quot;:false}}\" \/>\n<\/fieldset>\n<p><!DOCTYPE html>\n<\/p>\n<div>\n\t<p class=\"texte_formulaire\"><br \/>\nVous avez la possibilit\u00e9 de nous passer commande via ce formulaire. Celle-ci sera trait\u00e9e dans les plus brefs d\u00e9lais par la Librairie du Lac (Lausanne, CH). Nous vous prions de nous fournir les indications suivantes:\n\t<\/p>\n\t<p class=\"texte_formulaire\">Nom et adresse:\n\t<\/p>\n\t<p><span class=\"wpcf7-form-control-wrap\" data-name=\"textarea-858\"><textarea cols=\"40\" rows=\"10\" maxlength=\"2000\" class=\"wpcf7-form-control wpcf7-textarea wpcf7-validates-as-required input_text\" aria-required=\"true\" aria-invalid=\"false\" name=\"textarea-858\"><\/textarea><\/span>\n\t<\/p>\n\t<div class=\"left\">\n\t\t<p class=\"texte_formulaire\">T\u00e9l\u00e9phone de contact:\n\t\t<\/p>\n\t\t<p><span class=\"wpcf7-form-control-wrap\" data-name=\"tel-43\"><input size=\"40\" maxlength=\"400\" class=\"wpcf7-form-control wpcf7-tel wpcf7-text wpcf7-validates-as-tel input_telephone\" id=\"telephone\" aria-invalid=\"false\" value=\"\" type=\"tel\" name=\"tel-43\" \/><\/span>\n\t\t<\/p>\n\t<\/div>\n\t<div class=\"right\">\n\t\t<p class=\"texte_formulaire\">Email de contact:\n\t\t<\/p>\n\t\t<p><span class=\"wpcf7-form-control-wrap\" data-name=\"votre-email\"><input size=\"40\" maxlength=\"400\" class=\"wpcf7-form-control wpcf7-email wpcf7-validates-as-required wpcf7-text wpcf7-validates-as-email\" aria-required=\"true\" aria-invalid=\"false\" value=\"\" type=\"email\" name=\"votre-email\" \/><\/span>\n\t\t<\/p>\n\t<\/div>\n\t<p class=\"sous-titre_formulaire\">Destinataire de la commande\n\t<\/p>\n\t<p class=\"bouton\"><br \/>\n<span class=\"wpcf7-form-control-wrap\" data-name=\"radio-867\"><span class=\"wpcf7-form-control wpcf7-radio\"><span class=\"wpcf7-list-item first last\"><input type=\"radio\" name=\"radio-867\" value=\"Commande priv\u00e9e\" \/><span class=\"wpcf7-list-item-label\">Commande priv\u00e9e<\/span><\/span><\/span><\/span><br \/>\n<span class=\"wpcf7-form-control-wrap\" data-name=\"radio-867\"><span class=\"wpcf7-form-control wpcf7-radio\"><span class=\"wpcf7-list-item first last\"><input type=\"radio\" name=\"radio-867\" value=\"Commande pour un \u00e9tablissement\" \/><span class=\"wpcf7-list-item-label\">Commande pour un \u00e9tablissement<\/span><\/span><\/span><\/span>\n\t<\/p>\n\t<div data-id=\"group-instit\" data-orig_data_id=\"group-instit\"  class=\"\" data-class=\"wpcf7cf_group\">\n\t\t<p class=\"texte_formulaire\"><br \/>\nNom et adresse de l'\u00e9tablissement:\n\t\t<\/p>\n\t\t<p><span class=\"wpcf7-form-control-wrap\" data-name=\"textarea-245\"><textarea cols=\"40\" rows=\"10\" maxlength=\"2000\" class=\"wpcf7-form-control wpcf7-textarea input_text\" aria-invalid=\"false\" name=\"textarea-245\"><\/textarea><\/span>\n\t\t<\/p>\n\t<\/div>\n\t<p class=\"sous-titre_formulaire\">Livres \u00e0 commander\n\t<\/p>\n\t<div class=\"left2\">\n\t\t<p class=\"texte_formulaire\">Quantit\u00e9\n\t\t<\/p>\n\t\t<p class=\"qte_cde\"><span class=\"wpcf7-form-control-wrap\" data-name=\"number-100\"><input class=\"wpcf7-form-control wpcf7-number wpcf7-validates-as-number\" aria-invalid=\"false\" value=\"\" type=\"number\" name=\"number-100\" \/><\/span>\n\t\t<\/p>\n\t<\/div>\n\t<div class=\"right2\">\n\t\t<p class=\"texte_formulaire\">R\u00e9f\u00e9rences du livre\n\t\t<\/p>\n\t\t<p class=\"ref_cde\"><span class=\"wpcf7-form-control-wrap\" data-name=\"textarea-101\"><textarea cols=\"40\" rows=\"10\" maxlength=\"2000\" class=\"wpcf7-form-control wpcf7-textarea input_text\" aria-invalid=\"false\" name=\"textarea-101\"><\/textarea><\/span>\n\t\t<\/p>\n\t<\/div>\n\t<div class=\"left2\">\n\t\t<p class=\"texte_formulaire\">Quantit\u00e9\n\t\t<\/p>\n\t\t<p class=\"qte_cde\"><span class=\"wpcf7-form-control-wrap\" data-name=\"number-200\"><input class=\"wpcf7-form-control wpcf7-number wpcf7-validates-as-number\" aria-invalid=\"false\" value=\"\" type=\"number\" name=\"number-200\" \/><\/span>\n\t\t<\/p>\n\t<\/div>\n\t<div class=\"right2\">\n\t\t<p class=\"texte_formulaire\">R\u00e9f\u00e9rences du livre\n\t\t<\/p>\n\t\t<p class=\"ref_cde\"><span class=\"wpcf7-form-control-wrap\" data-name=\"textarea-201\"><textarea cols=\"40\" rows=\"10\" maxlength=\"2000\" class=\"wpcf7-form-control wpcf7-textarea input_text\" aria-invalid=\"false\" name=\"textarea-201\"><\/textarea><\/span>\n\t\t<\/p>\n\t<\/div>\n\t<div class=\"left2\">\n\t\t<p class=\"texte_formulaire\">Quantit\u00e9\n\t\t<\/p>\n\t\t<p class=\"qte_cde\"><span class=\"wpcf7-form-control-wrap\" data-name=\"number-300\"><input class=\"wpcf7-form-control wpcf7-number wpcf7-validates-as-number\" aria-invalid=\"false\" value=\"\" type=\"number\" name=\"number-300\" \/><\/span>\n\t\t<\/p>\n\t<\/div>\n\t<div class=\"right2\">\n\t\t<p class=\"texte_formulaire\">R\u00e9f\u00e9rences du livre\n\t\t<\/p>\n\t\t<p class=\"ref_cde\"><span class=\"wpcf7-form-control-wrap\" data-name=\"textarea-301\"><textarea cols=\"40\" rows=\"10\" maxlength=\"2000\" class=\"wpcf7-form-control wpcf7-textarea input_text\" aria-invalid=\"false\" name=\"textarea-301\"><\/textarea><\/span>\n\t\t<\/p>\n\t<\/div>\n\t<p class=\"sous-titre_formulaire\">Livraison\n\t<\/p>\n\t<p class=\"texte_formulaire\"><br \/>\nNous envoyons nos commandes par courrier A, via la Poste suisse, frais de port en sus. Si vous souhaitez convenir d'un autre mode de livraison, merci de nous l'indiquer:\n\t<\/p>\n\t<p class=\"bouton\"><br \/>\n<span class=\"wpcf7-form-control-wrap\" data-name=\"radio-495\"><span class=\"wpcf7-form-control wpcf7-radio\"><span class=\"wpcf7-list-item first last\"><input type=\"radio\" name=\"radio-495\" value=\"Je souhaite recevoir ma commande par la poste, en courrier A (frais de port en sus)\" \/><span class=\"wpcf7-list-item-label\">Je souhaite recevoir ma commande par la poste, en courrier A (frais de port en sus)<\/span><\/span><\/span><\/span><br \/>\n<span class=\"wpcf7-form-control-wrap\" data-name=\"radio-495\"><span class=\"wpcf7-form-control wpcf7-radio\"><span class=\"wpcf7-list-item first last\"><input type=\"radio\" name=\"radio-495\" value=\"Je souhaite convenir d&#039;un autre mode de livraison\" \/><span class=\"wpcf7-list-item-label\">Je souhaite convenir d&#039;un autre mode de livraison<\/span><\/span><\/span><\/span>\n\t<\/p>\n\t<div data-id=\"group-livraison\" data-orig_data_id=\"group-livraison\"  class=\"\" data-class=\"wpcf7cf_group\">\n\t\t<p class=\"texte_formulaire\"><br \/>\nSp\u00e9cifier le mode de livraison souhait\u00e9:\n\t\t<\/p>\n\t\t<p><span class=\"wpcf7-form-control-wrap\" data-name=\"textarea-265\"><textarea cols=\"40\" rows=\"10\" maxlength=\"2000\" class=\"wpcf7-form-control wpcf7-textarea input_text\" aria-invalid=\"false\" name=\"textarea-265\"><\/textarea><\/span>\n\t\t<\/p>\n\t<\/div>\n\t<p class=\"sous-titre_formulaire\">Paiement\n\t<\/p>\n\t<p class=\"texte_formulaire\"><br \/>\nEn r\u00e8gle g\u00e9n\u00e9rale, les commandes en provenance de la Suisse sont exp\u00e9di\u00e9es avec un bulletin de versement (paiement sous 30 jours). Pour les commandes de l'\u00e9tranger, nous \u00e9tablissons une facture proforma.\n\t<\/p>\n\t<p class=\"texte_formulaire\">Par ailleurs, merci de nous indiquer s'il s'agit d'une commande d\u00e9finitive, ou si vous souhaiteriez recevoir confirmation des prix avant l'envoi (temps de traitement plus important):\n\t<\/p>\n\t<p class=\"bouton\"><br \/>\n<span class=\"wpcf7-form-control-wrap\" data-name=\"radio-663\"><span class=\"wpcf7-form-control wpcf7-radio\"><span class=\"wpcf7-list-item first last\"><input type=\"radio\" name=\"radio-663\" value=\"Ma commande est d\u00e9finitive, merci de me l&#039;envoyer directement\" \/><span class=\"wpcf7-list-item-label\">Ma commande est d\u00e9finitive, merci de me l&#039;envoyer directement<\/span><\/span><\/span><\/span><br \/>\n<span class=\"wpcf7-form-control-wrap\" data-name=\"radio-663\"><span class=\"wpcf7-form-control wpcf7-radio\"><span class=\"wpcf7-list-item first last\"><input type=\"radio\" name=\"radio-663\" value=\"Je souhaite recevoir par email une confirmation du montant de ma commande avant l&#039;envoi\" \/><span class=\"wpcf7-list-item-label\">Je souhaite recevoir par email une confirmation du montant de ma commande avant l&#039;envoi<\/span><\/span><\/span><\/span>\n\t<\/p>\n\t<p class=\"sous-titre_formulaire\">Remarques \u00e9ventuelles\n\t<\/p>\n\t<p class=\"input_textarea\"><span class=\"wpcf7-form-control-wrap\" data-name=\"textarea-995\"><textarea cols=\"40\" rows=\"10\" maxlength=\"2000\" class=\"wpcf7-form-control wpcf7-textarea input_text\" aria-invalid=\"false\" name=\"textarea-995\"><\/textarea><\/span>\n\t<\/p>\n\t<p class=\"sous-titre_formulaire\">Envoi de la commande\n\t<\/p>\n\t<p class=\"texte_formulaire\"><br \/>\nNous vous prions de v\u00e9rifier votre commande puis de cocher la case qui suit, \u00e0 la suite de quoi le bouton \"Envoyer\" sera actif.\n\t<\/p>\n\t<p class=\"bouton\"><span class=\"wpcf7-form-control-wrap\" data-name=\"acceptance-425\"><span class=\"wpcf7-form-control wpcf7-acceptance\"><span class=\"wpcf7-list-item\"><label><input type=\"checkbox\" name=\"acceptance-425\" value=\"1\" aria-invalid=\"false\" \/><span class=\"wpcf7-list-item-label\">J'ai v\u00e9rifi\u00e9 le contenu des divers champs<\/span><\/label><\/span><\/span><\/span>\n\t<\/p>\n\t<p class=\"texte_formulaire\"><br \/>\nVous allez recevoir un e-mail de confirmation. Cependant, si certains champs n'ont pas \u00e9t\u00e9 correctement remplis, un message d'erreur s'affichera en dessous d'eux une fois le bouton press\u00e9, et la commande ne nous parviendra pas.\n\t<\/p>\n\t<p><input class=\"wpcf7-form-control wpcf7-submit has-spinner confirm\" type=\"submit\" value=\"Envoyer\" \/>\n\t<\/p>\n<\/div><div class=\"wpcf7-response-output\" aria-hidden=\"true\"><\/div>\n<\/form>\n<\/div>\n\n","protected":false},"excerpt":{"rendered":"","protected":false},"author":5,"featured_media":0,"parent":0,"menu_order":0,"comment_status":"closed","ping_status":"closed","template":"","meta":{"footnotes":""},"class_list":["post-688","page","type-page","status-publish","hentry"],"jetpack_sharing_enabled":true,"_links":{"self":[{"href":"https:\/\/www.librairie-du-lac.ch\/index.php?rest_route=\/wp\/v2\/pages\/688","targetHints":{"allow":["GET"]}}],"collection":[{"href":"https:\/\/www.librairie-du-lac.ch\/index.php?rest_route=\/wp\/v2\/pages"}],"about":[{"href":"https:\/\/www.librairie-du-lac.ch\/index.php?rest_route=\/wp\/v2\/types\/page"}],"author":[{"embeddable":true,"href":"https:\/\/www.librairie-du-lac.ch\/index.php?rest_route=\/wp\/v2\/users\/5"}],"replies":[{"embeddable":true,"href":"https:\/\/www.librairie-du-lac.ch\/index.php?rest_route=%2Fwp%2Fv2%2Fcomments&post=688"}],"version-history":[{"count":3,"href":"https:\/\/www.librairie-du-lac.ch\/index.php?rest_route=\/wp\/v2\/pages\/688\/revisions"}],"predecessor-version":[{"id":1098,"href":"https:\/\/www.librairie-du-lac.ch\/index.php?rest_route=\/wp\/v2\/pages\/688\/revisions\/1098"}],"wp:attachment":[{"href":"https:\/\/www.librairie-du-lac.ch\/index.php?rest_route=%2Fwp%2Fv2%2Fmedia&parent=688"}],"curies":[{"name":"wp","href":"https:\/\/api.w.org\/{rel}","templated":true}]}}